{"id":1214,"date":"2022-12-21T06:37:16","date_gmt":"2022-12-21T05:37:16","guid":{"rendered":"http:\/\/legrosessert.ch\/?page_id=1214"},"modified":"2024-05-03T15:22:26","modified_gmt":"2024-05-03T14:22:26","slug":"test-2","status":"publish","type":"page","link":"http:\/\/legrosessert.ch\/?page_id=1214","title":{"rendered":"Salles"},"content":{"rendered":"\n<p>Il n&rsquo;est plus possible de faire de la location. Nous vous proposons de privatiser le lieu dont le prix peut diff\u00e9rer selon la demande, nous restons \u00e0 votre disposition pour toutes ces informations suppl\u00e9mentaires. Rendez-vous sur la page privatisation pour consulter nos disponibilit\u00e9s.<\/p>\n\n\n\n<p><\/p>\n\n\n\n<div class=\"wp-block-media-text alignwide is-stacked-on-mobile\"><figure class=\"wp-block-media-text__media\"><img loading=\"lazy\" decoding=\"async\" width=\"1024\" height=\"576\" src=\"http:\/\/legrosessert.ch\/wp-content\/uploads\/2023\/01\/2-2-1024x576.jpg\" alt=\"\" class=\"wp-image-1355 size-full\" srcset=\"http:\/\/legrosessert.ch\/wp-content\/uploads\/2023\/01\/2-2-1024x576.jpg 1024w, http:\/\/legrosessert.ch\/wp-content\/uploads\/2023\/01\/2-2-300x169.jpg 300w, http:\/\/legrosessert.ch\/wp-content\/uploads\/2023\/01\/2-2-768x432.jpg 768w, http:\/\/legrosessert.ch\/wp-content\/uploads\/2023\/01\/2-2-1536x864.jpg 1536w, http:\/\/legrosessert.ch\/wp-content\/uploads\/2023\/01\/2-2.jpg 1920w\" sizes=\"auto, (max-width: 1024px) 100vw, 1024px\" \/><\/figure><div class=\"wp-block-media-text__content\">\n<p>Salle fontaine<\/p>\n\n\n\n<p>Capacit\u00e9 de 50 personnes<\/p>\n<\/div><\/div>\n\n\n\n<div class=\"wp-block-media-text alignwide is-stacked-on-mobile\"><figure class=\"wp-block-media-text__media\"><img loading=\"lazy\" decoding=\"async\" width=\"1024\" height=\"493\" src=\"http:\/\/legrosessert.ch\/wp-content\/uploads\/2022\/12\/WhatsApp-Image-2022-10-03-at-14.50.00-1024x493.jpeg\" alt=\"\" class=\"wp-image-1268 size-full\" srcset=\"http:\/\/legrosessert.ch\/wp-content\/uploads\/2022\/12\/WhatsApp-Image-2022-10-03-at-14.50.00-1024x493.jpeg 1024w, http:\/\/legrosessert.ch\/wp-content\/uploads\/2022\/12\/WhatsApp-Image-2022-10-03-at-14.50.00-300x145.jpeg 300w, http:\/\/legrosessert.ch\/wp-content\/uploads\/2022\/12\/WhatsApp-Image-2022-10-03-at-14.50.00-768x370.jpeg 768w, http:\/\/legrosessert.ch\/wp-content\/uploads\/2022\/12\/WhatsApp-Image-2022-10-03-at-14.50.00-1536x740.jpeg 1536w, http:\/\/legrosessert.ch\/wp-content\/uploads\/2022\/12\/WhatsApp-Image-2022-10-03-at-14.50.00.jpeg 1600w\" sizes=\"auto, (max-width: 1024px) 100vw, 1024px\" \/><\/figure><div class=\"wp-block-media-text__content\">\n<p>Grande salle<\/p>\n\n\n\n<p>Capacit\u00e9 de 90 personnes<\/p>\n<\/div><\/div>\n\n\n\n<div class=\"wp-block-media-text alignwide is-stacked-on-mobile\"><figure class=\"wp-block-media-text__media\"><img loading=\"lazy\" decoding=\"async\" width=\"1024\" height=\"372\" src=\"http:\/\/legrosessert.ch\/wp-content\/uploads\/2022\/11\/WhatsApp-Image-2022-10-03-at-14.50.00-10-1024x372.jpeg\" alt=\"\" class=\"wp-image-249 size-full\" srcset=\"http:\/\/legrosessert.ch\/wp-content\/uploads\/2022\/11\/WhatsApp-Image-2022-10-03-at-14.50.00-10-1024x372.jpeg 1024w, http:\/\/legrosessert.ch\/wp-content\/uploads\/2022\/11\/WhatsApp-Image-2022-10-03-at-14.50.00-10-300x109.jpeg 300w, http:\/\/legrosessert.ch\/wp-content\/uploads\/2022\/11\/WhatsApp-Image-2022-10-03-at-14.50.00-10-768x279.jpeg 768w, http:\/\/legrosessert.ch\/wp-content\/uploads\/2022\/11\/WhatsApp-Image-2022-10-03-at-14.50.00-10-1536x558.jpeg 1536w, http:\/\/legrosessert.ch\/wp-content\/uploads\/2022\/11\/WhatsApp-Image-2022-10-03-at-14.50.00-10.jpeg 1600w\" sizes=\"auto, (max-width: 1024px) 100vw, 1024px\" \/><\/figure><div class=\"wp-block-media-text__content\">\n<p>Carnotzet<\/p>\n\n\n\n<p>Capacit\u00e9 de 20 personnes<\/p>\n<\/div><\/div>\n","protected":false},"excerpt":{"rendered":"<p>Il n&rsquo;est plus possible de faire de la location. Nous vous proposons de privatiser le lieu dont le prix peut diff\u00e9rer selon la demande, nous restons \u00e0 votre disposition pour toutes ces informations suppl\u00e9mentaires. Rendez-vous sur la page privatisation pour consulter nos disponibilit\u00e9s. Salle fontaine Capacit\u00e9 de 50 personnes Grande salle Capacit\u00e9 de 90 personnes [&hellip;]<\/p>\n","protected":false},"author":1,"featured_media":0,"parent":0,"menu_order":2,"comment_status":"closed","ping_status":"closed","template":"","meta":{"footnotes":""},"class_list":["post-1214","page","type-page","status-publish","hentry"],"_links":{"self":[{"href":"http:\/\/legrosessert.ch\/index.php?rest_route=\/wp\/v2\/pages\/1214","targetHints":{"allow":["GET"]}}],"collection":[{"href":"http:\/\/legrosessert.ch\/index.php?rest_route=\/wp\/v2\/pages"}],"about":[{"href":"http:\/\/legrosessert.ch\/index.php?rest_route=\/wp\/v2\/types\/page"}],"author":[{"embeddable":true,"href":"http:\/\/legrosessert.ch\/index.php?rest_route=\/wp\/v2\/users\/1"}],"replies":[{"embeddable":true,"href":"http:\/\/legrosessert.ch\/index.php?rest_route=%2Fwp%2Fv2%2Fcomments&post=1214"}],"version-history":[{"count":8,"href":"http:\/\/legrosessert.ch\/index.php?rest_route=\/wp\/v2\/pages\/1214\/revisions"}],"predecessor-version":[{"id":1630,"href":"http:\/\/legrosessert.ch\/index.php?rest_route=\/wp\/v2\/pages\/1214\/revisions\/1630"}],"wp:attachment":[{"href":"http:\/\/legrosessert.ch\/index.php?rest_route=%2Fwp%2Fv2%2Fmedia&parent=1214"}],"curies":[{"name":"wp","href":"https:\/\/api.w.org\/{rel}","templated":true}]}}

<p>Il n&rsquo;est plus possible de faire de la location. Nous vous proposons de privatiser le lieu dont le prix peut différer selon la demande, nous restons à votre disposition pour toutes ces informations supplémentaires. Rendez-vous sur la page privatisation pour consulter nos disponibilités.</p>



<p></p>



<div class="wp-block-media-text alignwide is-stacked-on-mobile"><figure class="wp-block-media-text__media"><img loading="lazy" decoding="async" width="1024" height="576" src="http://legrosessert.ch/wp-content/uploads/2023/01/2-2-1024x576.jpg" alt="" class="wp-image-1355 size-full" srcset="http://legrosessert.ch/wp-content/uploads/2023/01/2-2-1024x576.jpg 1024w, http://legrosessert.ch/wp-content/uploads/2023/01/2-2-300x169.jpg 300w, http://legrosessert.ch/wp-content/uploads/2023/01/2-2-768x432.jpg 768w, http://legrosessert.ch/wp-content/uploads/2023/01/2-2-1536x864.jpg 1536w, http://legrosessert.ch/wp-content/uploads/2023/01/2-2.jpg 1920w" sizes="auto, (max-width: 1024px) 100vw, 1024px" /></figure><div class="wp-block-media-text__content">
<p>Salle fontaine</p>



<p>Capacité de 50 personnes</p>
</div></div>



<div class="wp-block-media-text alignwide is-stacked-on-mobile"><figure class="wp-block-media-text__media"><img loading="lazy" decoding="async" width="1024" height="493" src="http://legrosessert.ch/wp-content/uploads/2022/12/WhatsApp-Image-2022-10-03-at-14.50.00-1024x493.jpeg" alt="" class="wp-image-1268 size-full" srcset="http://legrosessert.ch/wp-content/uploads/2022/12/WhatsApp-Image-2022-10-03-at-14.50.00-1024x493.jpeg 1024w, http://legrosessert.ch/wp-content/uploads/2022/12/WhatsApp-Image-2022-10-03-at-14.50.00-300x145.jpeg 300w, http://legrosessert.ch/wp-content/uploads/2022/12/WhatsApp-Image-2022-10-03-at-14.50.00-768x370.jpeg 768w, http://legrosessert.ch/wp-content/uploads/2022/12/WhatsApp-Image-2022-10-03-at-14.50.00-1536x740.jpeg 1536w, http://legrosessert.ch/wp-content/uploads/2022/12/WhatsApp-Image-2022-10-03-at-14.50.00.jpeg 1600w" sizes="auto, (max-width: 1024px) 100vw, 1024px" /></figure><div class="wp-block-media-text__content">
<p>Grande salle</p>



<p>Capacité de 90 personnes</p>
</div></div>



<div class="wp-block-media-text alignwide is-stacked-on-mobile"><figure class="wp-block-media-text__media"><img loading="lazy" decoding="async" width="1024" height="372" src="http://legrosessert.ch/wp-content/uploads/2022/11/WhatsApp-Image-2022-10-03-at-14.50.00-10-1024x372.jpeg" alt="" class="wp-image-249 size-full" srcset="http://legrosessert.ch/wp-content/uploads/2022/11/WhatsApp-Image-2022-10-03-at-14.50.00-10-1024x372.jpeg 1024w, http://legrosessert.ch/wp-content/uploads/2022/11/WhatsApp-Image-2022-10-03-at-14.50.00-10-300x109.jpeg 300w, http://legrosessert.ch/wp-content/uploads/2022/11/WhatsApp-Image-2022-10-03-at-14.50.00-10-768x279.jpeg 768w, http://legrosessert.ch/wp-content/uploads/2022/11/WhatsApp-Image-2022-10-03-at-14.50.00-10-1536x558.jpeg 1536w, http://legrosessert.ch/wp-content/uploads/2022/11/WhatsApp-Image-2022-10-03-at-14.50.00-10.jpeg 1600w" sizes="auto, (max-width: 1024px) 100vw, 1024px" /></figure><div class="wp-block-media-text__content">
<p>Carnotzet</p>



<p>Capacité de 20 personnes</p>
</div></div>

<p>Il n&rsquo;est plus possible de faire de la location. Nous vous proposons de privatiser le lieu dont le prix peut différer selon la demande, nous restons à votre disposition pour toutes ces informations supplémentaires. Rendez-vous sur la page privatisation pour consulter nos disponibilités. Salle fontaine Capacité de 50 personnes Grande salle Capacité de 90 personnes [&hellip;]</p>
