{"id":1242,"date":"2022-12-22T09:21:41","date_gmt":"2022-12-22T08:21:41","guid":{"rendered":"http:\/\/legrosessert.ch\/?page_id=1242"},"modified":"2026-04-21T13:11:58","modified_gmt":"2026-04-21T12:11:58","slug":"notre-carte","status":"publish","type":"page","link":"http:\/\/legrosessert.ch\/?page_id=1242","title":{"rendered":"Notre Carte"},"content":{"rendered":"\n<figure class=\"wp-block-image size-full\"><img loading=\"lazy\" decoding=\"async\" width=\"70\" height=\"70\" src=\"http:\/\/legrosessert.ch\/wp-content\/uploads\/2022\/07\/service-1.png\" alt=\"\" class=\"wp-image-205\"\/><\/figure>\n\n\n\n<p>D&rsquo;o\u00f9 est venu l&rsquo;id\u00e9e de ce projet ? Apr\u00e8s un tour du monde de 8 mois, nous avons eu \u00e9norm\u00e9ment de plaisir \u00e0 d\u00e9guster des plats typiques de la r\u00e9gion avec des produits locaux. Nous avons donc d\u00e9cid\u00e9 de suivre cette id\u00e9e. A la carte, deux entr\u00e9es, deux plats et deux desserts qui changent toutes les 2 semaines. Nos produits proviennent essentiellement du jardin, de la ferme \u00ab\u00a0Au Lopin\u00a0\u00bb \u00e0 Villaranon, du magasin \u00ab\u00a0Au Bocal du coin\u00a0\u00bb \u00e0 Romont, du magasin \u00ab\u00a0Sutter viande\u00a0\u00bb \u00e0 Villeneuve, de la boucherie \u00ab\u00a0Currat\u00a0\u00bb \u00e0 Ursy, du magasin \u00ab\u00a0Jambon d&rsquo;Or\u00a0\u00bb \u00e0 Prez-vers-Siviriez, des oeufs frais et de l&rsquo;huile de colza de chez Jo\u00ebl Charri\u00e8re \u00e0 Blessens,&#8230;<\/p>\n\n\n\n<p>Ce travail r\u00e9flexif en amont, nous permet de vous servir des plats savoureux et de qualit\u00e9. En esp\u00e9rant que vous vous laisserez tenter par cette belle exp\u00e9rience.<\/p>\n\n\n\n<p class=\"has-medium-font-size\">Ce menu vous est pr\u00e9sent\u00e9 du jeudi 23 avril au samedi 2 mai 2026 !<\/p>\n\n\n\n<p>D\u00e8s le d\u00e9but mai, les brunchs reprennent tous les dimanches jusqu&rsquo;en septembre ; n&rsquo;attendez pas et r\u00e9servez vos places ! \ud83d\ude42 <\/p>\n\n\n\n<p><\/p>\n\n\n\n<p><\/p>\n\n\n\n<p> R\u00e9servation obligatoire par t\u00e9l\u00e9phone 026\/652.35.38 ou par e-mail : legrosessert@bluewin.ch !<br>Aur\u00e9lie &amp; Richard Schiliro<\/p>\n\n\n\n<p><\/p>\n\n\n\n<p><\/p>\n\n\n<div class=\"wp-block-image\">\n<figure class=\"aligncenter size-full\"><img loading=\"lazy\" decoding=\"async\" width=\"912\" height=\"1330\" src=\"https:\/\/legrosessert.ch\/wp-content\/uploads\/2026\/04\/Capture-decran-2026-04-21-a-13.54.36.png\" alt=\"\" class=\"wp-image-1794\" srcset=\"http:\/\/legrosessert.ch\/wp-content\/uploads\/2026\/04\/Capture-decran-2026-04-21-a-13.54.36.png 912w, http:\/\/legrosessert.ch\/wp-content\/uploads\/2026\/04\/Capture-decran-2026-04-21-a-13.54.36-206x300.png 206w, http:\/\/legrosessert.ch\/wp-content\/uploads\/2026\/04\/Capture-decran-2026-04-21-a-13.54.36-702x1024.png 702w, http:\/\/legrosessert.ch\/wp-content\/uploads\/2026\/04\/Capture-decran-2026-04-21-a-13.54.36-768x1120.png 768w\" sizes=\"auto, (max-width: 912px) 100vw, 912px\" \/><\/figure>\n<\/div>\n\n\n<hr class=\"wp-block-separator has-alpha-channel-opacity\"\/>\n\n\n\n<p>De plus tous les dimanches de mai \u00e0 septembre venez d\u00e9guster notre traditionnel Brunch<\/p>\n\n\n\n<div class=\"wp-block-buttons is-layout-flex wp-block-buttons-is-layout-flex\">\n<div class=\"wp-block-button is-style-outline is-style-outline--1\"><a class=\"wp-block-button__link wp-element-button\" href=\"http:\/\/legrosessert.ch\/?page_id=1432\">Brunch<\/a><\/div>\n<\/div>\n","protected":false},"excerpt":{"rendered":"<p>D&rsquo;o\u00f9 est venu l&rsquo;id\u00e9e de ce projet ? Apr\u00e8s un tour du monde de 8 mois, nous avons eu \u00e9norm\u00e9ment de plaisir \u00e0 d\u00e9guster des plats typiques de la r\u00e9gion avec des produits locaux. Nous avons donc d\u00e9cid\u00e9 de suivre cette id\u00e9e. A la carte, deux entr\u00e9es, deux plats et deux desserts qui changent toutes [&hellip;]<\/p>\n","protected":false},"author":1,"featured_media":0,"parent":0,"menu_order":0,"comment_status":"closed","ping_status":"closed","template":"","meta":{"footnotes":""},"class_list":["post-1242","page","type-page","status-publish","hentry"],"_links":{"self":[{"href":"http:\/\/legrosessert.ch\/index.php?rest_route=\/wp\/v2\/pages\/1242","targetHints":{"allow":["GET"]}}],"collection":[{"href":"http:\/\/legrosessert.ch\/index.php?rest_route=\/wp\/v2\/pages"}],"about":[{"href":"http:\/\/legrosessert.ch\/index.php?rest_route=\/wp\/v2\/types\/page"}],"author":[{"embeddable":true,"href":"http:\/\/legrosessert.ch\/index.php?rest_route=\/wp\/v2\/users\/1"}],"replies":[{"embeddable":true,"href":"http:\/\/legrosessert.ch\/index.php?rest_route=%2Fwp%2Fv2%2Fcomments&post=1242"}],"version-history":[{"count":82,"href":"http:\/\/legrosessert.ch\/index.php?rest_route=\/wp\/v2\/pages\/1242\/revisions"}],"predecessor-version":[{"id":1796,"href":"http:\/\/legrosessert.ch\/index.php?rest_route=\/wp\/v2\/pages\/1242\/revisions\/1796"}],"wp:attachment":[{"href":"http:\/\/legrosessert.ch\/index.php?rest_route=%2Fwp%2Fv2%2Fmedia&parent=1242"}],"curies":[{"name":"wp","href":"https:\/\/api.w.org\/{rel}","templated":true}]}}

<figure class="wp-block-image size-full"><img loading="lazy" decoding="async" width="70" height="70" src="http://legrosessert.ch/wp-content/uploads/2022/07/service-1.png" alt="" class="wp-image-205"/></figure>



<p>D&rsquo;où est venu l&rsquo;idée de ce projet ? Après un tour du monde de 8 mois, nous avons eu énormément de plaisir à déguster des plats typiques de la région avec des produits locaux. Nous avons donc décidé de suivre cette idée. A la carte, deux entrées, deux plats et deux desserts qui changent toutes les 2 semaines. Nos produits proviennent essentiellement du jardin, de la ferme « Au Lopin » à Villaranon, du magasin « Au Bocal du coin » à Romont, du magasin « Sutter viande » à Villeneuve, de la boucherie « Currat » à Ursy, du magasin « Jambon d&rsquo;Or » à Prez-vers-Siviriez, des oeufs frais et de l&rsquo;huile de colza de chez Joël Charrière à Blessens,&#8230;</p>



<p>Ce travail réflexif en amont, nous permet de vous servir des plats savoureux et de qualité. En espérant que vous vous laisserez tenter par cette belle expérience.</p>



<p class="has-medium-font-size">Ce menu vous est présenté du jeudi 23 avril au samedi 2 mai 2026 !</p>



<p>Dès le début mai, les brunchs reprennent tous les dimanches jusqu&rsquo;en septembre ; n&rsquo;attendez pas et réservez vos places ! 🙂 </p>



<p></p>



<p></p>



<p> Réservation obligatoire par téléphone 026/652.35.38 ou par e-mail : legrosessert@bluewin.ch !<br>Aurélie &amp; Richard Schiliro</p>



<p></p>



<p></p>


<div class="wp-block-image">
<figure class="aligncenter size-full"><img loading="lazy" decoding="async" width="912" height="1330" src="https://legrosessert.ch/wp-content/uploads/2026/04/Capture-decran-2026-04-21-a-13.54.36.png" alt="" class="wp-image-1794" srcset="http://legrosessert.ch/wp-content/uploads/2026/04/Capture-decran-2026-04-21-a-13.54.36.png 912w, http://legrosessert.ch/wp-content/uploads/2026/04/Capture-decran-2026-04-21-a-13.54.36-206x300.png 206w, http://legrosessert.ch/wp-content/uploads/2026/04/Capture-decran-2026-04-21-a-13.54.36-702x1024.png 702w, http://legrosessert.ch/wp-content/uploads/2026/04/Capture-decran-2026-04-21-a-13.54.36-768x1120.png 768w" sizes="auto, (max-width: 912px) 100vw, 912px" /></figure>
</div>


<hr class="wp-block-separator has-alpha-channel-opacity"/>



<p>De plus tous les dimanches de mai à septembre venez déguster notre traditionnel Brunch</p>



<div class="wp-block-buttons is-layout-flex wp-block-buttons-is-layout-flex">
<div class="wp-block-button is-style-outline is-style-outline--1"><a class="wp-block-button__link wp-element-button" href="http://legrosessert.ch/?page_id=1432">Brunch</a></div>
</div>

<p>D&rsquo;où est venu l&rsquo;idée de ce projet ? Après un tour du monde de 8 mois, nous avons eu énormément de plaisir à déguster des plats typiques de la région avec des produits locaux. Nous avons donc décidé de suivre cette idée. A la carte, deux entrées, deux plats et deux desserts qui changent toutes [&hellip;]</p>
