{"id":1432,"date":"2023-05-12T16:13:03","date_gmt":"2023-05-12T15:13:03","guid":{"rendered":"http:\/\/legrosessert.ch\/?page_id=1432"},"modified":"2026-03-26T18:10:04","modified_gmt":"2026-03-26T17:10:04","slug":"brunch","status":"publish","type":"page","link":"http:\/\/legrosessert.ch\/?page_id=1432","title":{"rendered":"Brunch"},"content":{"rendered":"\n<p class=\"has-medium-font-size\">                                   TOUS LES DIMANCHES DE MAI A SEPTEMBRE DE 11h \u00e0 14h <\/p>\n\n\n\n<p>D\u00e9couvrez l&rsquo;exp\u00e9rience inoubliable de notre brunch au Gros Essert ! Dans notre charmante vieille ferme transform\u00e9e en g\u00eete, vous profiterez d&rsquo;une vue imprenable sur le ch\u00e2teau de Rue et les majestueuses montagnes environnantes. Notre engagement envers la qualit\u00e9 locale se refl\u00e8te dans chaque bouch\u00e9e et gorg\u00e9e que vous d\u00e9gusterez. \u00c0 seulement 49.- par personne (gratuit pour les enfants de 0-4 ans, moiti\u00e9 prix pour les 5-12 ans), notre brunch vous offre une s\u00e9lection soigneusement choisie de produits r\u00e9gionaux et suisses, accompagn\u00e9e de boissons chaudes et d&rsquo;eau de source. Nous sommes fiers de rencontrer personnellement nos producteurs locaux (mara\u00eechers, boulanger, bouchers, agriculteurs, vignerons,\u2026) garantissant ainsi la qualit\u00e9 et le respect des produits que nous servons. Rejoignez-nous pour une exp\u00e9rience gastronomique authentique et m\u00e9morable <strong>tous les dimanches de mai \u00e0 septembre de 11h \u00e0 14h<\/strong>. R\u00e9servation obligatoire<\/p>\n\n\n\n<p>Mais concr\u00e8tement, je vais pouvoir d\u00e9guster quoi ?<br>Divers pains, cuchaules, tresses de la boulangerie Dubey-Grandjean \u00e0 Romont, du beurre de la laiterie de Bouloz, un choix de confitures faites maison avec les fruits des vergers, du nutella de Grangette, du miel de Blessens, des cr\u00eapes ou pancakes, des yaourts de la laiterie de Corcelles-le-Jorat, des saucisses et tranches de lard grill\u00e9es suisses, soupes maison ou choix de salades de la ferme du Lopin \u00e0 Villaranon, un f\u00e9culent chaud, une viande chaude (souvent r\u00f4ti \u00e0 la broche accompagn\u00e9 de la sauce du Chef ou le Jambon de Prez-Vers-Siviriez) &amp; une jardini\u00e8re de l\u00e9gumes chaude de la ferme du Lopin \u00e0 Villaranon, plateau de fromages de la laiterie de Bouloz, plateau de viandes froides suisses et divers desserts faits maison\u2026. Ces mets peuvent s&rsquo;ajuster, changer en fonction des saisons et de l&rsquo;humeur du patron<\/p>\n\n\n\n<p>R\u00e9servation obligatoire au 026 652 35 38 ou par courriel \u00e0 <a href=\"mailto:legrosessert@bluewin.ch\">legrosessert@bluewin.ch<\/a><\/p>\n\n\n\n<figure class=\"wp-block-gallery has-nested-images columns-default is-cropped wp-block-gallery-1 is-layout-flex wp-block-gallery-is-layout-flex\">\n<figure class=\"wp-block-image size-large\"><img loading=\"lazy\" decoding=\"async\" width=\"1024\" height=\"730\" data-id=\"1620\" src=\"https:\/\/legrosessert.ch\/wp-content\/uploads\/2024\/04\/ce6bb883-bd27-4f73-bb8a-3e36b30631c7-2-1024x730.jpeg\" alt=\"\" class=\"wp-image-1620\" srcset=\"http:\/\/legrosessert.ch\/wp-content\/uploads\/2024\/04\/ce6bb883-bd27-4f73-bb8a-3e36b30631c7-2-1024x730.jpeg 1024w, http:\/\/legrosessert.ch\/wp-content\/uploads\/2024\/04\/ce6bb883-bd27-4f73-bb8a-3e36b30631c7-2-300x214.jpeg 300w, http:\/\/legrosessert.ch\/wp-content\/uploads\/2024\/04\/ce6bb883-bd27-4f73-bb8a-3e36b30631c7-2-768x548.jpeg 768w, http:\/\/legrosessert.ch\/wp-content\/uploads\/2024\/04\/ce6bb883-bd27-4f73-bb8a-3e36b30631c7-2.jpeg 1150w\" sizes=\"auto, (max-width: 1024px) 100vw, 1024px\" \/><\/figure>\n\n\n\n<figure class=\"wp-block-image size-large\"><img loading=\"lazy\" decoding=\"async\" width=\"1024\" height=\"749\" data-id=\"1619\" src=\"https:\/\/legrosessert.ch\/wp-content\/uploads\/2024\/04\/e2248b40-febb-461b-8707-917f1873eaef-1024x749.jpeg\" alt=\"\" class=\"wp-image-1619\" srcset=\"http:\/\/legrosessert.ch\/wp-content\/uploads\/2024\/04\/e2248b40-febb-461b-8707-917f1873eaef-1024x749.jpeg 1024w, http:\/\/legrosessert.ch\/wp-content\/uploads\/2024\/04\/e2248b40-febb-461b-8707-917f1873eaef-300x219.jpeg 300w, http:\/\/legrosessert.ch\/wp-content\/uploads\/2024\/04\/e2248b40-febb-461b-8707-917f1873eaef-768x562.jpeg 768w, http:\/\/legrosessert.ch\/wp-content\/uploads\/2024\/04\/e2248b40-febb-461b-8707-917f1873eaef.jpeg 1179w\" sizes=\"auto, (max-width: 1024px) 100vw, 1024px\" \/><\/figure>\n\n\n\n<figure class=\"wp-block-image size-large\"><img loading=\"lazy\" decoding=\"async\" width=\"1024\" height=\"738\" data-id=\"1616\" src=\"https:\/\/legrosessert.ch\/wp-content\/uploads\/2024\/04\/27ec4b6c-5a5e-4d62-9e15-387cef678ade-1024x738.jpeg\" alt=\"\" class=\"wp-image-1616\" srcset=\"http:\/\/legrosessert.ch\/wp-content\/uploads\/2024\/04\/27ec4b6c-5a5e-4d62-9e15-387cef678ade-1024x738.jpeg 1024w, http:\/\/legrosessert.ch\/wp-content\/uploads\/2024\/04\/27ec4b6c-5a5e-4d62-9e15-387cef678ade-300x216.jpeg 300w, http:\/\/legrosessert.ch\/wp-content\/uploads\/2024\/04\/27ec4b6c-5a5e-4d62-9e15-387cef678ade-768x554.jpeg 768w, http:\/\/legrosessert.ch\/wp-content\/uploads\/2024\/04\/27ec4b6c-5a5e-4d62-9e15-387cef678ade.jpeg 1179w\" sizes=\"auto, (max-width: 1024px) 100vw, 1024px\" \/><\/figure>\n\n\n\n<figure class=\"wp-block-image size-large\"><img loading=\"lazy\" decoding=\"async\" width=\"893\" height=\"1024\" data-id=\"1621\" src=\"https:\/\/legrosessert.ch\/wp-content\/uploads\/2024\/04\/cf4a179f-b9bb-41da-9dc4-1626719e3a81-893x1024.jpeg\" alt=\"\" class=\"wp-image-1621\" srcset=\"http:\/\/legrosessert.ch\/wp-content\/uploads\/2024\/04\/cf4a179f-b9bb-41da-9dc4-1626719e3a81-893x1024.jpeg 893w, http:\/\/legrosessert.ch\/wp-content\/uploads\/2024\/04\/cf4a179f-b9bb-41da-9dc4-1626719e3a81-262x300.jpeg 262w, http:\/\/legrosessert.ch\/wp-content\/uploads\/2024\/04\/cf4a179f-b9bb-41da-9dc4-1626719e3a81-768x881.jpeg 768w, http:\/\/legrosessert.ch\/wp-content\/uploads\/2024\/04\/cf4a179f-b9bb-41da-9dc4-1626719e3a81.jpeg 1179w\" sizes=\"auto, (max-width: 893px) 100vw, 893px\" \/><\/figure>\n\n\n\n<figure class=\"wp-block-image size-large\"><img loading=\"lazy\" decoding=\"async\" width=\"1024\" height=\"708\" data-id=\"1617\" src=\"https:\/\/legrosessert.ch\/wp-content\/uploads\/2024\/04\/0a8e8c33-efa2-4366-b9b7-d9736526e86e-1024x708.jpeg\" alt=\"\" class=\"wp-image-1617\" srcset=\"http:\/\/legrosessert.ch\/wp-content\/uploads\/2024\/04\/0a8e8c33-efa2-4366-b9b7-d9736526e86e-1024x708.jpeg 1024w, http:\/\/legrosessert.ch\/wp-content\/uploads\/2024\/04\/0a8e8c33-efa2-4366-b9b7-d9736526e86e-300x207.jpeg 300w, http:\/\/legrosessert.ch\/wp-content\/uploads\/2024\/04\/0a8e8c33-efa2-4366-b9b7-d9736526e86e-768x531.jpeg 768w, http:\/\/legrosessert.ch\/wp-content\/uploads\/2024\/04\/0a8e8c33-efa2-4366-b9b7-d9736526e86e.jpeg 1049w\" sizes=\"auto, (max-width: 1024px) 100vw, 1024px\" \/><\/figure>\n\n\n\n<figure class=\"wp-block-image size-large\"><img loading=\"lazy\" decoding=\"async\" width=\"1024\" height=\"692\" data-id=\"1618\" src=\"https:\/\/legrosessert.ch\/wp-content\/uploads\/2024\/04\/6b92f77c-3aee-47f9-a3d9-483f6b25a406-1024x692.jpeg\" alt=\"\" class=\"wp-image-1618\" srcset=\"http:\/\/legrosessert.ch\/wp-content\/uploads\/2024\/04\/6b92f77c-3aee-47f9-a3d9-483f6b25a406-1024x692.jpeg 1024w, http:\/\/legrosessert.ch\/wp-content\/uploads\/2024\/04\/6b92f77c-3aee-47f9-a3d9-483f6b25a406-300x203.jpeg 300w, http:\/\/legrosessert.ch\/wp-content\/uploads\/2024\/04\/6b92f77c-3aee-47f9-a3d9-483f6b25a406-768x519.jpeg 768w, http:\/\/legrosessert.ch\/wp-content\/uploads\/2024\/04\/6b92f77c-3aee-47f9-a3d9-483f6b25a406.jpeg 1057w\" sizes=\"auto, (max-width: 1024px) 100vw, 1024px\" \/><\/figure>\n<\/figure>\n\n\n\n<div class=\"wp-block-buttons is-layout-flex wp-block-buttons-is-layout-flex\"><\/div>\n","protected":false},"excerpt":{"rendered":"<p>TOUS LES DIMANCHES DE MAI A SEPTEMBRE DE 11h \u00e0 14h D\u00e9couvrez l&rsquo;exp\u00e9rience inoubliable de notre brunch au Gros Essert ! Dans notre charmante vieille ferme transform\u00e9e en g\u00eete, vous profiterez d&rsquo;une vue imprenable sur le ch\u00e2teau de Rue et les majestueuses montagnes environnantes. Notre engagement envers la qualit\u00e9 locale se refl\u00e8te dans chaque bouch\u00e9e [&hellip;]<\/p>\n","protected":false},"author":1,"featured_media":0,"parent":0,"menu_order":0,"comment_status":"closed","ping_status":"closed","template":"","meta":{"footnotes":""},"class_list":["post-1432","page","type-page","status-publish","hentry"],"_links":{"self":[{"href":"http:\/\/legrosessert.ch\/index.php?rest_route=\/wp\/v2\/pages\/1432","targetHints":{"allow":["GET"]}}],"collection":[{"href":"http:\/\/legrosessert.ch\/index.php?rest_route=\/wp\/v2\/pages"}],"about":[{"href":"http:\/\/legrosessert.ch\/index.php?rest_route=\/wp\/v2\/types\/page"}],"author":[{"embeddable":true,"href":"http:\/\/legrosessert.ch\/index.php?rest_route=\/wp\/v2\/users\/1"}],"replies":[{"embeddable":true,"href":"http:\/\/legrosessert.ch\/index.php?rest_route=%2Fwp%2Fv2%2Fcomments&post=1432"}],"version-history":[{"count":12,"href":"http:\/\/legrosessert.ch\/index.php?rest_route=\/wp\/v2\/pages\/1432\/revisions"}],"predecessor-version":[{"id":1790,"href":"http:\/\/legrosessert.ch\/index.php?rest_route=\/wp\/v2\/pages\/1432\/revisions\/1790"}],"wp:attachment":[{"href":"http:\/\/legrosessert.ch\/index.php?rest_route=%2Fwp%2Fv2%2Fmedia&parent=1432"}],"curies":[{"name":"wp","href":"https:\/\/api.w.org\/{rel}","templated":true}]}}